{"id":419,"date":"2015-07-06T11:32:05","date_gmt":"2015-07-06T11:32:05","guid":{"rendered":"https:\/\/8degreethemes.com\/demo\/eightmedi-pro\/?page_id=7"},"modified":"2022-06-14T11:47:14","modified_gmt":"2022-06-14T11:47:14","slug":"contact","status":"publish","type":"page","link":"https:\/\/www.iepmrc.edu.pe\/index.php\/contact\/","title":{"rendered":"Cont\u00e1ctanos"},"content":{"rendered":"\n<h2 class=\"wp-block-heading\"><strong>Instituci\u00f3n Educativa Particular<\/strong><br><em>Mariscal Ram\u00f3n Castilla<\/em><\/h2>\n\n\n\n<blockquote class=\"wp-block-quote\"><p><strong>Address:<\/strong> Villa Staff &#8211; Toquepala &#8211; Tacna &#8211; Per\u00fa<\/p><p><strong>Phone:<\/strong> +51 52 466060<\/p><p><strong>E-mail:<\/strong> secretaria@iepmrc.edu.pe<\/p><\/blockquote>\n","protected":false},"excerpt":{"rendered":"<p>Instituci\u00f3n Educativa ParticularMariscal Ram\u00f3n Castilla Address: Villa Staff &#8211; Toquepala &#8211; Tacna &#8211; Per\u00fa Phone: +51 52 466060 E-mail: secretaria@iepmrc.edu.pe<\/p>\n","protected":false},"author":1,"featured_media":0,"parent":0,"menu_order":0,"comment_status":"closed","ping_status":"closed","template":"","meta":{"ngg_post_thumbnail":0},"_links":{"self":[{"href":"https:\/\/www.iepmrc.edu.pe\/index.php\/wp-json\/wp\/v2\/pages\/419"}],"collection":[{"href":"https:\/\/www.iepmrc.edu.pe\/index.php\/wp-json\/wp\/v2\/pages"}],"about":[{"href":"https:\/\/www.iepmrc.edu.pe\/index.php\/wp-json\/wp\/v2\/types\/page"}],"author":[{"embeddable":true,"href":"https:\/\/www.iepmrc.edu.pe\/index.php\/wp-json\/wp\/v2\/users\/1"}],"replies":[{"embeddable":true,"href":"https:\/\/www.iepmrc.edu.pe\/index.php\/wp-json\/wp\/v2\/comments?post=419"}],"version-history":[{"count":5,"href":"https:\/\/www.iepmrc.edu.pe\/index.php\/wp-json\/wp\/v2\/pages\/419\/revisions"}],"predecessor-version":[{"id":914,"href":"https:\/\/www.iepmrc.edu.pe\/index.php\/wp-json\/wp\/v2\/pages\/419\/revisions\/914"}],"wp:attachment":[{"href":"https:\/\/www.iepmrc.edu.pe\/index.php\/wp-json\/wp\/v2\/media?parent=419"}],"curies":[{"name":"wp","href":"https:\/\/api.w.org\/{rel}","templated":true}]}}