{"id":653,"date":"2022-06-13T16:13:16","date_gmt":"2022-06-13T16:13:16","guid":{"rendered":"http:\/\/www.iepmrc.edu.pe\/?page_id=653"},"modified":"2022-06-13T16:17:12","modified_gmt":"2022-06-13T16:17:12","slug":"resena-historica","status":"publish","type":"page","link":"https:\/\/www.iepmrc.edu.pe\/index.php\/resena-historica\/","title":{"rendered":"Rese\u00f1a Hist\u00f3rica"},"content":{"rendered":"\n<div class=\"wp-block-columns is-layout-flex wp-container-11\">\n<div class=\"wp-block-column is-layout-flow\" style=\"flex-basis:100%\">\n<div class=\"wp-block-columns is-layout-flex wp-container-9\">\n<div class=\"wp-block-column is-layout-flow\" style=\"flex-basis:100%\">\n<div class=\"wp-block-columns is-layout-flex wp-container-7\">\n<div class=\"wp-block-column is-layout-flow\">\n<div class=\"wp-block-columns is-layout-flex wp-container-5\">\n<div class=\"wp-block-column is-layout-flow\" style=\"flex-basis:100%\">\n<div class=\"wp-block-columns is-layout-flex wp-container-3\">\n<div class=\"wp-block-column is-layout-flow\" style=\"flex-basis:33.33%\">\n<figure class=\"wp-block-image size-full is-resized\"><img decoding=\"async\" loading=\"lazy\" src=\"http:\/\/www.iepmrc.edu.pe\/wp-content\/uploads\/2022\/06\/busto-169x300-1.jpg\" alt=\"\" class=\"wp-image-654\" width=\"264\" height=\"469\"\/><\/figure>\n<\/div>\n\n\n\n<div class=\"wp-block-column is-layout-flow\" style=\"flex-basis:66.66%\">\n<p>La Instituci\u00f3n Educativa Privada \u201cMariscal Ram\u00f3n Castilla\u201d fue creada el 23 de septiembre 1970. En sus primeros a\u00f1os funciona como Centro Educativo Particular de Toquepala, hasta que en 1976, pasa a desarrollar sus actividades con el t\u00edtulo de Centro Educativo Fiscalizado. Posteriormente, corriendo ya el a\u00f1o de 1984, retorna a su inicial condici\u00f3n de Colegio de Gesti\u00f3n No Estatal, con el nombre ahora s\u00ed, de MARISCAL RAM\u00d3N CASTILLA. Su actual insignia data de 1991, y es un dise\u00f1o del estudiante Abel Adri\u00e1n.<\/p>\n\n\n\n<p><br>En estos 40 a\u00f1os de historia, sus aulas han sido fieles testigos, del paso de nobles y patriotas peruanos, que desde estudiantes mostraron su plena dedicaci\u00f3n por los quehaceres intelectuales, culturales, cient\u00edficos y deportivos, cuyo ejercicio engrandece a nuestro amado pa\u00eds.<\/p>\n\n\n\n<p>Su labor educativa a permitido, todos estos a\u00f1os, que los hijos de Toquepala, naturales o adoptivos, desarrollen a plenitud, sus potencialidades educativas y personales. Ex alumnos que hoy son m\u00e9dicos, abogados, ingenieros, militares, profesores, gerentes y empresarios; entre otras ramas del quehacer humano, que tambi\u00e9n incluyen a trabajadores de Southern Copper y estudiantes de post grado de prestigiosas universidades nacionales y extranjeras, todos ellos formados en los ambientes mariscalinos; estos logros dan fe de la s\u00f3lida formaci\u00f3n que se recibe en sus claustros.<br><\/p>\n<\/div>\n<\/div>\n<\/div>\n<\/div>\n<\/div>\n<\/div>\n\n\n\n<p>Insignes maestros han contribuido, con su trabajo y dedicaci\u00f3n, al cumplimiento de los primeros objetivos de la Instituci\u00f3n Educativa Privada \u201cMariscal Ram\u00f3n Castilla\u201d, quien hereda su nombre del m\u00e1s grande Presidente de toda nuestra historia republicana, h\u00e9roe en luchas por nuestra independencia y libertador de los sectores m\u00e1s oprimidos de la Naci\u00f3n. <\/p>\n\n\n\n<p>Actualmente la direcci\u00f3n del plantel recae en la persona de la distinguida Lic. Frida Banda C\u00e1rdenas.<\/p>\n\n\n\n<h2 class=\"wp-block-heading\"><strong>Como Coordinadores de Nivel, la responsabilidad recae sobre los docentes:<\/strong><\/h2>\n\n\n\n<p>Prof. Jesus Calle Chai\u00f1a \u2013 Coordinador del Nivel Inicial \u2013 Primario<\/p>\n\n\n\n<p>Prof. Manuel Arenas M\u00e1laga \u2013 Coordinador del Nivel Secundario<\/p>\n\n\n\n<p>Prof. Francisco Butr\u00f3n Alcazar . Asesor del \u00c1rea de Ingl\u00e9s<\/p>\n\n\n\n<h2 class=\"wp-block-heading\"><strong>La I.E.P. \u201cMariscal Ram\u00f3n Castilla\u201d, es promovida por la APEC \u201cMariscal Ram\u00f3n Castilla\u201d \u2013 Comit\u00e9 de Acci\u00f3n Toquepala:<\/strong><\/h2>\n\n\n\n<p>Ing. Jos\u00e9 Arenas Barreda. Presidente Comit\u00e9 de Acci\u00f3n Toquepala<\/p>\n\n\n\n<p>Ing. Adrian Del Carpio. Miembro Comit\u00e9 de Acci\u00f3n Toquepala<\/p>\n\n\n\n<p>Doctor Yvan Zevallos Enriquez&nbsp;&nbsp;Miembro Comit\u00e9 de Acci\u00f3n Toquepala<\/p>\n<\/div>\n<\/div>\n<\/div>\n<\/div>\n","protected":false},"excerpt":{"rendered":"<p>La Instituci\u00f3n Educativa Privada \u201cMariscal Ram\u00f3n Castilla\u201d fue creada el 23 de septiembre 1970. En sus primeros a\u00f1os funciona como Centro Educativo Particular de Toquepala, hasta que en 1976, pasa a desarrollar sus actividades con el t\u00edtulo de Centro Educativo Fiscalizado. Posteriormente, corriendo ya el a\u00f1o de 1984, retorna a su inicial condici\u00f3n de Colegio [&hellip;]<\/p>\n","protected":false},"author":1,"featured_media":0,"parent":0,"menu_order":0,"comment_status":"closed","ping_status":"closed","template":"","meta":{"ngg_post_thumbnail":0},"_links":{"self":[{"href":"https:\/\/www.iepmrc.edu.pe\/index.php\/wp-json\/wp\/v2\/pages\/653"}],"collection":[{"href":"https:\/\/www.iepmrc.edu.pe\/index.php\/wp-json\/wp\/v2\/pages"}],"about":[{"href":"https:\/\/www.iepmrc.edu.pe\/index.php\/wp-json\/wp\/v2\/types\/page"}],"author":[{"embeddable":true,"href":"https:\/\/www.iepmrc.edu.pe\/index.php\/wp-json\/wp\/v2\/users\/1"}],"replies":[{"embeddable":true,"href":"https:\/\/www.iepmrc.edu.pe\/index.php\/wp-json\/wp\/v2\/comments?post=653"}],"version-history":[{"count":6,"href":"https:\/\/www.iepmrc.edu.pe\/index.php\/wp-json\/wp\/v2\/pages\/653\/revisions"}],"predecessor-version":[{"id":662,"href":"https:\/\/www.iepmrc.edu.pe\/index.php\/wp-json\/wp\/v2\/pages\/653\/revisions\/662"}],"wp:attachment":[{"href":"https:\/\/www.iepmrc.edu.pe\/index.php\/wp-json\/wp\/v2\/media?parent=653"}],"curies":[{"name":"wp","href":"https:\/\/api.w.org\/{rel}","templated":true}]}}

Reseña Histórica

<div class="wp-block-columns is-layout-flex wp-container-11">
<div class="wp-block-column is-layout-flow" style="flex-basis:100%">
<div class="wp-block-columns is-layout-flex wp-container-9">
<div class="wp-block-column is-layout-flow" style="flex-basis:100%">
<div class="wp-block-columns is-layout-flex wp-container-7">
<div class="wp-block-column is-layout-flow">
<div class="wp-block-columns is-layout-flex wp-container-5">
<div class="wp-block-column is-layout-flow" style="flex-basis:100%">
<div class="wp-block-columns is-layout-flex wp-container-3">
<div class="wp-block-column is-layout-flow" style="flex-basis:33.33%">
<figure class="wp-block-image size-full is-resized"><img decoding="async" loading="lazy" src="http://www.iepmrc.edu.pe/wp-content/uploads/2022/06/busto-169x300-1.jpg" alt="" class="wp-image-654" width="264" height="469"/></figure>
</div>



<div class="wp-block-column is-layout-flow" style="flex-basis:66.66%">
<p>La Institución Educativa Privada “Mariscal Ramón Castilla” fue creada el 23 de septiembre 1970. En sus primeros años funciona como Centro Educativo Particular de Toquepala, hasta que en 1976, pasa a desarrollar sus actividades con el título de Centro Educativo Fiscalizado. Posteriormente, corriendo ya el año de 1984, retorna a su inicial condición de Colegio de Gestión No Estatal, con el nombre ahora sí, de MARISCAL RAMÓN CASTILLA. Su actual insignia data de 1991, y es un diseño del estudiante Abel Adrián.</p>



<p><br>En estos 40 años de historia, sus aulas han sido fieles testigos, del paso de nobles y patriotas peruanos, que desde estudiantes mostraron su plena dedicación por los quehaceres intelectuales, culturales, científicos y deportivos, cuyo ejercicio engrandece a nuestro amado país.</p>



<p>Su labor educativa a permitido, todos estos años, que los hijos de Toquepala, naturales o adoptivos, desarrollen a plenitud, sus potencialidades educativas y personales. Ex alumnos que hoy son médicos, abogados, ingenieros, militares, profesores, gerentes y empresarios; entre otras ramas del quehacer humano, que también incluyen a trabajadores de Southern Copper y estudiantes de post grado de prestigiosas universidades nacionales y extranjeras, todos ellos formados en los ambientes mariscalinos; estos logros dan fe de la sólida formación que se recibe en sus claustros.<br></p>
</div>
</div>
</div>
</div>
</div>
</div>



<p>Insignes maestros han contribuido, con su trabajo y dedicación, al cumplimiento de los primeros objetivos de la Institución Educativa Privada “Mariscal Ramón Castilla”, quien hereda su nombre del más grande Presidente de toda nuestra historia republicana, héroe en luchas por nuestra independencia y libertador de los sectores más oprimidos de la Nación. </p>



<p>Actualmente la dirección del plantel recae en la persona de la distinguida Lic. Frida Banda Cárdenas.</p>



<h2 class="wp-block-heading"><strong>Como Coordinadores de Nivel, la responsabilidad recae sobre los docentes:</strong></h2>



<p>Prof. Jesus Calle Chaiña – Coordinador del Nivel Inicial – Primario</p>



<p>Prof. Manuel Arenas Málaga – Coordinador del Nivel Secundario</p>



<p>Prof. Francisco Butrón Alcazar . Asesor del Área de Inglés</p>



<h2 class="wp-block-heading"><strong>La I.E.P. “Mariscal Ramón Castilla”, es promovida por la APEC “Mariscal Ramón Castilla” – Comité de Acción Toquepala:</strong></h2>



<p>Ing. José Arenas Barreda. Presidente Comité de Acción Toquepala</p>



<p>Ing. Adrian Del Carpio. Miembro Comité de Acción Toquepala</p>



<p>Doctor Yvan Zevallos Enriquez&nbsp;&nbsp;Miembro Comité de Acción Toquepala</p>
</div>
</div>
</div>
</div>

<p>La Institución Educativa Privada “Mariscal Ramón Castilla” fue creada el 23 de septiembre 1970. En sus primeros años funciona como Centro Educativo Particular de Toquepala, hasta que en 1976, pasa a desarrollar sus actividades con el título de Centro Educativo Fiscalizado. Posteriormente, corriendo ya el año de 1984, retorna a su inicial condición de Colegio [&hellip;]</p>
