{"id":669,"date":"2022-06-13T16:29:10","date_gmt":"2022-06-13T16:29:10","guid":{"rendered":"http:\/\/www.iepmrc.edu.pe\/?page_id=669"},"modified":"2022-06-13T16:34:55","modified_gmt":"2022-06-13T16:34:55","slug":"jerarquico","status":"publish","type":"page","link":"https:\/\/www.iepmrc.edu.pe\/index.php\/jerarquico\/","title":{"rendered":"Jer\u00e1rquico"},"content":{"rendered":"\n<h2 class=\"has-text-align-center wp-block-heading\">PERSONAL JER\u00c1RQUICO<\/h2>\n\n\n\n<div class=\"wp-block-columns is-layout-flex wp-container-3\">\n<div class=\"wp-block-column is-layout-flow\"><div class=\"wp-block-image\">\n<figure class=\"aligncenter size-full is-resized\"><img decoding=\"async\" loading=\"lazy\" src=\"http:\/\/www.iepmrc.edu.pe\/wp-content\/uploads\/2022\/06\/DIRECTOR1.jpg\" alt=\"\" class=\"wp-image-670\" width=\"248\" height=\"307\"\/><\/figure><\/div><\/div>\n\n\n\n<div class=\"wp-block-column is-layout-flow\">\n<p><\/p>\n\n\n\n<p>Directora: Lic. Frida Banda C\u00e1rdenas<\/p>\n\n\n\n<p>CONTACTO: fcardenas@iepmrc.edu.pe<\/p>\n<\/div>\n<\/div>\n\n\n\n<div class=\"wp-block-columns is-layout-flex wp-container-6\">\n<div class=\"wp-block-column is-layout-flow\"><div class=\"wp-block-image\">\n<figure class=\"aligncenter size-full\"><img decoding=\"async\" loading=\"lazy\" width=\"225\" height=\"300\" src=\"http:\/\/www.iepmrc.edu.pe\/wp-content\/uploads\/2022\/06\/marenas1-225x300-1.jpg\" alt=\"\" class=\"wp-image-671\"\/><\/figure><\/div><\/div>\n\n\n\n<div class=\"wp-block-column is-layout-flow\">\n<p>Coordinador de Secundaria: Prof. Manuel Arenas M\u00e1laga,<\/p>\n\n\n\n<p>CONTACTO: marenas@iepmrc.edu.pe<\/p>\n<\/div>\n<\/div>\n\n\n\n<div class=\"wp-block-columns is-layout-flex wp-container-9\">\n<div class=\"wp-block-column is-layout-flow\"><div class=\"wp-block-image\">\n<figure class=\"aligncenter size-full\"><img decoding=\"async\" loading=\"lazy\" width=\"300\" height=\"200\" src=\"http:\/\/www.iepmrc.edu.pe\/wp-content\/uploads\/2022\/06\/JESUS-300x200-1.jpg\" alt=\"\" class=\"wp-image-676\"\/><\/figure><\/div><\/div>\n\n\n\n<div class=\"wp-block-column is-layout-flow\">\n<p>Coordinador de Primaria e Inicial: Prof. Jes\u00fas Calle Chai\u00f1a<\/p>\n\n\n\n<p>CONTACTO: jcalle@iepmrc.edu.pe<\/p>\n<\/div>\n<\/div>\n\n\n\n<div class=\"wp-block-columns is-layout-flex wp-container-12\">\n<div class=\"wp-block-column is-layout-flow\"><div class=\"wp-block-image\">\n<figure class=\"aligncenter size-full\"><img decoding=\"async\" loading=\"lazy\" width=\"300\" height=\"200\" src=\"http:\/\/www.iepmrc.edu.pe\/wp-content\/uploads\/2022\/06\/FRANCISCO-BUTRON1-300x200-1.jpg\" alt=\"\" class=\"wp-image-677\"\/><\/figure><\/div><\/div>\n\n\n\n<div class=\"wp-block-column is-layout-flow\">\n<p>Asesor de Ingl\u00e9s:&nbsp;Prof. Francisco Butr\u00f3n Alcazar<\/p>\n\n\n\n<p>CONTACTO:&nbsp;fbutron@iepmrc.edu.pe<\/p>\n<\/div>\n<\/div>\n","protected":false},"excerpt":{"rendered":"<p>PERSONAL JER\u00c1RQUICO Directora: Lic. Frida Banda C\u00e1rdenas CONTACTO: fcardenas@iepmrc.edu.pe Coordinador de Secundaria: Prof. Manuel Arenas M\u00e1laga, CONTACTO: marenas@iepmrc.edu.pe Coordinador de Primaria e Inicial: Prof. Jes\u00fas Calle Chai\u00f1a CONTACTO: jcalle@iepmrc.edu.pe Asesor de Ingl\u00e9s:&nbsp;Prof. Francisco Butr\u00f3n Alcazar CONTACTO:&nbsp;fbutron@iepmrc.edu.pe<\/p>\n","protected":false},"author":1,"featured_media":0,"parent":0,"menu_order":0,"comment_status":"closed","ping_status":"closed","template":"","meta":{"ngg_post_thumbnail":0},"_links":{"self":[{"href":"https:\/\/www.iepmrc.edu.pe\/index.php\/wp-json\/wp\/v2\/pages\/669"}],"collection":[{"href":"https:\/\/www.iepmrc.edu.pe\/index.php\/wp-json\/wp\/v2\/pages"}],"about":[{"href":"https:\/\/www.iepmrc.edu.pe\/index.php\/wp-json\/wp\/v2\/types\/page"}],"author":[{"embeddable":true,"href":"https:\/\/www.iepmrc.edu.pe\/index.php\/wp-json\/wp\/v2\/users\/1"}],"replies":[{"embeddable":true,"href":"https:\/\/www.iepmrc.edu.pe\/index.php\/wp-json\/wp\/v2\/comments?post=669"}],"version-history":[{"count":3,"href":"https:\/\/www.iepmrc.edu.pe\/index.php\/wp-json\/wp\/v2\/pages\/669\/revisions"}],"predecessor-version":[{"id":679,"href":"https:\/\/www.iepmrc.edu.pe\/index.php\/wp-json\/wp\/v2\/pages\/669\/revisions\/679"}],"wp:attachment":[{"href":"https:\/\/www.iepmrc.edu.pe\/index.php\/wp-json\/wp\/v2\/media?parent=669"}],"curies":[{"name":"wp","href":"https:\/\/api.w.org\/{rel}","templated":true}]}}